n divisor of 64 and s?
16
Suppose -6*g = -5*g + 2*y + 2, 2*g - 2*y = 26. Calculate the greatest common divisor of g and 40.
8
Let i = 437 + -302. What is the greatest common divisor of 54 and i?
27
Suppose -4*s - 93 = -373. What is the greatest common factor of s and 14?
14
Let f = 26 - 11. Suppose 7 = 3*w - 218. What is the greatest common factor of w and f?
15
Suppose -5*o + 3 = -2. Let y be -3 - ((-34)/1 - o). What is the greatest common divisor of y and 8?
8
Let r be 152/(-20)*(-6 - -1). Let k = 7 + r. Calculate the highest common factor of k and 18.
9
Let a = 4 - -4. Let p(d) = 3*d**2 + d + 8. Let t be p(-5). Let g = t - a. What is the greatest common factor of g and 28?
14
Let a = 66 - 61. What is the highest common factor of 5 and a?
5
Let v be (-3 + 2)*(-2)/(-1). Let t = v - -5. Suppose g + t*g = 52. Calculate the greatest common divisor of 52 and g.
13
Let v be (2 + 0)*(-42)/(-4). Suppose -2*z + 3*z = 2. Let p be (-1 + v)*5/z. What is the greatest common divisor of p and 10?
10
Let p = 96 + -26. What is the greatest common factor of p and 10?
10
Suppose 0*w - 696 = -4*w. Suppose 5*m = 3*q + w, -146 = -4*m - 2*q + q. What is the greatest common factor of 12 and m?
12
Let z(l) = -21*l - 3. Let i be z(-4). Let j = 30 - 21. What is the highest common divisor of j and i?
9
Let y be (-140)/(-3)*3/2. Let n be (2 - 3) + (1 - y). Let t = n + 198. What is the highest common factor of t and 16?
16
Let t(u) = 4*u**2 + 5 + u - u**3 - 1 - 2 + 2*u**3. Let w be t(-3). Let k be 1/(-2) - 34/(-4). What is the highest common factor of w and k?
8
Suppose -112 = 4*p - 11*p. What is the greatest common divisor of 4 and p?
4
Suppose 71 - 216 = -5*n - 3*i, -2*n + 77 = 5*i. Let p = n - 10. Calculate the greatest common factor of p and 2.
2
Suppose -17 = -2*q + 9. Let t = q - -2. Suppose 7*k + 230 = 2*i + 2*k, 0 = -4*i - k + 416. What is the highest common factor of t and i?
15
Suppose 7*m - 2*m = -t + 1232, t = 4*m - 982. Suppose 5*a - 198 = -2*h, m = -5*h - 5*a + 756. What is the highest common divisor of h and 13?
13
Let x be (-3 + 5)/2 - 50. Let f = x + 12. Let o = f + 54. Calculate the greatest common factor of 17 and o.
17
Let q(l) = -2*l + 3. Let t be q(4). Let w be t/((-8)/(-9) - 1). Suppose 3*i - 5 = 10. Calculate the highest common factor of i and w.
5
Suppose -75 = -6*y + y. Calculate the greatest common factor of 15 and y.
15
Let m = -27 - -29. What is the highest common factor of m and 10?
2
Suppose -444 = -2*s + 2*v, 0 = -2*s + v - 4*v + 434. Suppose 2*c - 150 = -2*r, -6*r + 3*r - 4*c + s = 0. Calculate the greatest common divisor of r and 8.
8
Let a(w) be the second derivative of w**5/20 - 5*w**4/12 + w**3 - w**2 - 4*w. Let d be a(5). What is the highest common factor of 14 and d?
14
Let w = -54 + 94. Let k = 7 + -2. Calculate the highest common divisor of k and w.
5
Suppose -2*w - 2*w = -360. Let j be ((-4)/(-6))/(3/w). Suppose 0 = -p + 4 + 6. What is the greatest common factor of j and p?
10
Let s be ((-10)/(-5))/(1/2). Suppose 5*o - s*q + q = 553, 326 = 3*o + 4*q. Calculate the highest common divisor of 10 and o.
10
Let h(k) = k**2 + 4*k + 9. Suppose 0 = -2*c + 3*c. Suppose 4*x - 5*x - 7 = c. Let p be h(x). Calculate the highest common factor of p and 6.
6
Suppose q = -3*q. Suppose q = 4*r - 1 - 27. Suppose -a = 4*f - r*f - 17, 3*a - 31 = 5*f. What is the highest common factor of a and 10?
2
Suppose 5*a - 4*o - 1198 = 0, 0*o - 248 = -a + 5*o. What is the greatest common factor of a and 34?
34
Suppose 11*i - 105 - 181 = 0. What is the greatest common factor of 65 and i?
13
Let f(s) = -s**3 - s**2 + 2*s - 4. Let t be 0 + 2*(1 - 3). Let n be f(t). Calculate the highest common divisor of 9 and n.
9
Let f = 0 - 0. Let w be (f + 1)*31 + 2. Let t = 1 + w. What is the highest common divisor of 85 and t?
17
Suppose 0 = -3*n - 916 + 31. Let f = 439 + n. Calculate the highest common factor of f and 16.
16
Let y = -8 + 20. Calculate the greatest common factor of y and 6.
6
Let k(f) = -2*f**3 - 7*f**2 + 14*f + 11. Let l be k(-5). What is the highest common divisor of 20 and l?
4
Let h be (-3)/1 + (2 - -6). Calculate the greatest common divisor of h and 45.
5
Let b = -86 - -89. What is the highest common factor of 45 and b?
3
Let k = -86 - -182. Suppose 0 = 3*w + 3*f - 30, -3*f + 3 - 33 = -2*w. Calculate the highest common factor of w and k.
12
Suppose g - 6 = -g. Suppose -v - 5 = -a + v, g*v + 2 = a. What is the greatest common divisor of a and 33?
11
Let i be ((-24)/(-5))/(6/30). Let w be -5 + 2 + i/3. What is the highest common factor of w and 15?
5
Let s = -22 - -14. Let t = -5 - s. Let u = 29 + -5. Calculate the highest common divisor of u and t.
3
Let m(y) = -3*y + 20. Let w(c) = 21*c - 141. Let g(r) = -15*m(r) - 2*w(r). Let q be g(13). What is the greatest common divisor of 7 and q?
7
Suppose 0 = -5*c - 2*c + 560. Calculate the greatest common divisor of 10 and c.
10
Let q = 9 + -3. Suppose -1 + 61 = 3*v. Let l be (-239)/(-4) - (-5)/v. What is the highest common factor of q and l?
6
Let r(b) = -b**2 + 5*b - 3. Let j be r(2). Let v be (3/(-12))/(2/(-232)). Suppose -13 - v = -2*i. What is the highest common divisor of i and j?
3
Let m(b) = 5*b - 44. Let t be m(11). Let v(a) = -3*a + 4. Let s be v(-6). What is the highest common divisor of t and s?
11
Let f be 10*7/((-28)/(-8)). Let h(u) = u - 3. Let r be h(6). Suppose -m + 1 + r = 0. What is the highest common factor of f and m?
4
Let d = 1 - 0. Let t be d/(3/15 - 0). Calculate the greatest common divisor of 20 and t.
5
Suppose -4*s + 6 = 2*r, -3*s - 2*s - 6 = -2*r. Suppose -2 = -2*f - s. Let n = 4 - 1. Calculate the greatest common divisor of f and n.
1
Suppose -4*u - 3*s = -591, -u - 4*u = s - 725. Let q = u - 100. Let l be 1/(-5) - (-168)/15. What is the greatest common divisor of q and l?
11
Suppose 5*f + 13 = 4*p, -f + 7 = 2*f + 5*p. Let i be (27/6)/(f/(-2)). Suppose 70 + 74 = 2*l. Calculate the greatest common divisor of l and i.
9
Let y be -2*(-1)/2 - -25. Calculate the highest common factor of y and 208.
26
Let p be (-18)/(-54)*-2*(2 - 11). Calculate the highest common factor of 6 and p.
6
Suppose 2*d - 78 = -0*d. Suppose -p - 2*w + 31 = 0, 3*p - 65 = 5*w + d. Calculate the highest common factor of 3 and p.
3
Suppose 3*y + m - 62 = 0, 0*y - 86 = -4*y - 2*m. What is the highest common factor of y and 209?
19
Suppose -4*m + 78 = 5*u - 303, -307 = -4*u - m. Let a = -71 + 33. Let r = u + a. Calculate the greatest common divisor of r and 26.
13
Suppose 2*j + 126 = 5*j. Let z be 2/7 - 264/j. Let q = 5 - z. Calculate the highest common divisor of q and 11.
11
Let w = -46 + 98. Let q = 14 + -1. What is the greatest common divisor of q and w?
13
Suppose -5*v - 3*z = -v - 35, -37 = -4*v - 5*z. What is the highest common divisor of 6 and v?
2
Suppose 14 = 4*u + 158. Suppose -2*y = -5*n - 126, -3*y - n + 50 + 105 = 0. Let q = y + u. What is the greatest common divisor of q and 51?
17
Let i = -1010 + 604. Let s be ((-130)/25 - -6)/(4/(-1030)). Let y = s - i. Calculate the greatest common factor of 25 and y.
25
Suppose -13*a = -4*a - 756. Let z = 0 + 4. Let n = z + a. Calculate the greatest common factor of n and 11.
11
Suppose 0 = -0*f - 2*f + 6. Suppose 2*q + 5*y - 395 = -2*q, -5*q + 540 = -f*y. Suppose -w - q = -4*w. Calculate the greatest common divisor of 14 and w.
7
Suppose 2*g = g + 3*n + 9, -2*g - 2*n = 22. Let u(w) = -w**2 - 9*w. Let z be u(g). Calculate the highest common divisor of 45 and z.
9
Let v(r) = r**3 + 2*r + 23. Let s be v(0). Suppose -x + 151 = -2*g, -g - 473 = -3*x + g. Calculate the highest common factor of x and s.
23
Suppose -3 - 2 = -l. Suppose -l*h + 100 = 5*r, 3*h - 2*h = -4*r + 17. What is the greatest common divisor of 21 and h?
21
Suppose -293 = -4*i - 65. What is the highest common divisor of i and 19?
19
Let o be 28/6 + 8/(-12). Suppose 4*y - o*h - 44 = -0*y, -h = 1. What is the highest common divisor of 25 and y?
5
Let u be 21/6*(-5 + 49). What is the greatest common divisor of u and 14?
14
Suppose 0*c - 2*c = -38. What is the highest common divisor of c and 76?
19
Let y be 591/15 + (-2)/5. Let g(q) = q + 3. Let c be g(7). Suppose 4*w = -4*d + 124, -3*d + d = -c. Calculate the greatest common divisor of y and w.
13
Let p = -212 - -338. Let c(a) = -3*a + 0*a + 9*a. Let j